[INFO] fetching crate uart_16550 0.2.7...
[INFO] checking uart_16550-0.2.7 against master#cfbc6d4cf1acbac5c025acf8ed68929caa551df3 for pr-75494-beta
[INFO] extracting crate uart_16550 0.2.7 into /workspace/builds/worker-2/source
[INFO] validating manifest of crates.io crate uart_16550 0.2.7 on toolchain cfbc6d4cf1acbac5c025acf8ed68929caa551df3
[INFO] running `Command { std: "/workspace/cargo-home/bin/cargo" "+cfbc6d4cf1acbac5c025acf8ed68929caa551df3" "read-manifest" "--manifest-path" "Cargo.toml", kill_on_drop: false }`
[INFO] started tweaking crates.io crate uart_16550 0.2.7
[INFO] finished tweaking crates.io crate uart_16550 0.2.7
[INFO] tweaked toml for crates.io crate uart_16550 0.2.7 written to /workspace/builds/worker-2/source/Cargo.toml
[INFO] running `Command { std: "/workspace/cargo-home/bin/cargo" "+cfbc6d4cf1acbac5c025acf8ed68929caa551df3" "generate-lockfile" "--manifest-path" "Cargo.toml" "-Zno-index-update", kill_on_drop: false }`
[INFO] running `Command { std: "/workspace/cargo-home/bin/cargo" "+cfbc6d4cf1acbac5c025acf8ed68929caa551df3" "fetch" "--locked" "--manifest-path" "Cargo.toml", kill_on_drop: false }`
[INFO] running `Command { std: "docker" "create" "-v" "/var/lib/crater-agent-workspace/builds/worker-2/target:/opt/rustwide/target:rw,Z" "-v" "/var/lib/crater-agent-workspace/builds/worker-2/source:/opt/rustwide/workdir:ro,Z" "-v" "/var/lib/crater-agent-workspace/cargo-home:/opt/rustwide/cargo-home:ro,Z" "-v" "/var/lib/crater-agent-workspace/rustup-home:/opt/rustwide/rustup-home:ro,Z" "-e" "SOURCE_DIR=/opt/rustwide/workdir" "-e" "CARGO_TARGET_DIR=/opt/rustwide/target" "-e" "CARGO_HOME=/opt/rustwide/cargo-home" "-e" "RUSTUP_HOME=/opt/rustwide/rustup-home" "-w" "/opt/rustwide/workdir" "-m" "1610612736" "--user" "0:0" "--network" "none" "rustops/crates-build-env@sha256:a636fd89d022f18117e1dc8fb37a0a009933cdbbe082814857f0e2024962d47c" "/opt/rustwide/cargo-home/bin/cargo" "+cfbc6d4cf1acbac5c025acf8ed68929caa551df3" "metadata" "--no-deps" "--format-version=1", kill_on_drop: false }`
[INFO] [stdout] 1dc8366539158504c1ff3337188b3f57a8b4e505ea19263216b1d00cadc7fdcc
[INFO] [stderr] WARNING: Your kernel does not support swap limit capabilities or the cgroup is not mounted. Memory limited without swap.
[INFO] running `Command { std: "docker" "start" "-a" "1dc8366539158504c1ff3337188b3f57a8b4e505ea19263216b1d00cadc7fdcc", kill_on_drop: false }`
[INFO] running `Command { std: "docker" "inspect" "1dc8366539158504c1ff3337188b3f57a8b4e505ea19263216b1d00cadc7fdcc", kill_on_drop: false }`
[INFO] running `Command { std: "docker" "rm" "-f" "1dc8366539158504c1ff3337188b3f57a8b4e505ea19263216b1d00cadc7fdcc", kill_on_drop: false }`
[INFO] [stdout] 1dc8366539158504c1ff3337188b3f57a8b4e505ea19263216b1d00cadc7fdcc
[INFO] running `Command { std: "docker" "create" "-v" "/var/lib/crater-agent-workspace/builds/worker-2/target:/opt/rustwide/target:rw,Z" "-v" "/var/lib/crater-agent-workspace/builds/worker-2/source:/opt/rustwide/workdir:ro,Z" "-v" "/var/lib/crater-agent-workspace/cargo-home:/opt/rustwide/cargo-home:ro,Z" "-v" "/var/lib/crater-agent-workspace/rustup-home:/opt/rustwide/rustup-home:ro,Z" "-e" "SOURCE_DIR=/opt/rustwide/workdir" "-e" "CARGO_TARGET_DIR=/opt/rustwide/target" "-e" "CARGO_INCREMENTAL=0" "-e" "RUST_BACKTRACE=full" "-e" "RUSTFLAGS=--cap-lints=forbid" "-e" "CARGO_HOME=/opt/rustwide/cargo-home" "-e" "RUSTUP_HOME=/opt/rustwide/rustup-home" "-w" "/opt/rustwide/workdir" "-m" "1610612736" "--user" "0:0" "--network" "none" "rustops/crates-build-env@sha256:a636fd89d022f18117e1dc8fb37a0a009933cdbbe082814857f0e2024962d47c" "/opt/rustwide/cargo-home/bin/cargo" "+cfbc6d4cf1acbac5c025acf8ed68929caa551df3" "check" "--frozen" "--all" "--all-targets" "--message-format=json", kill_on_drop: false }`
[INFO] [stdout] 6d6e2b9f5931bd9d47a10742c8fbb2d970e66a7c4fe4bc6ee2d1b8c6e0f93760
[INFO] [stderr] WARNING: Your kernel does not support swap limit capabilities or the cgroup is not mounted. Memory limited without swap.
[INFO] running `Command { std: "docker" "start" "-a" "6d6e2b9f5931bd9d47a10742c8fbb2d970e66a7c4fe4bc6ee2d1b8c6e0f93760", kill_on_drop: false }`
[INFO] [stderr]    Compiling x86_64 v0.11.2
[INFO] [stderr]     Checking bit_field v0.9.0
[INFO] [stdout] error[E0554]: `#![feature]` may not be used on the beta release channel
[INFO] [stdout]  --> /opt/rustwide/cargo-home/registry/src/github.com-1ecc6299db9ec823/x86_64-0.11.2/src/lib.rs:5:35
[INFO] [stdout]   |
[INFO] [stdout] 5 | #![cfg_attr(feature = "const_fn", feature(const_fn))]
[INFO] [stdout]   |                                   ^^^^^^^^^^^^^^^^^
[INFO] [stdout] 
[INFO] [stdout] 
[INFO] [stdout] error[E0554]: `#![feature]` may not be used on the beta release channel
[INFO] [stdout]  --> /opt/rustwide/cargo-home/registry/src/github.com-1ecc6299db9ec823/x86_64-0.11.2/src/lib.rs:6:35
[INFO] [stdout]   |
[INFO] [stdout] 6 | #![cfg_attr(feature = "const_fn", feature(const_in_array_repeat_expressions))]
[INFO] [stdout]   |                                   ^^^^^^^^^^^^^^^^^^^^^^^^^^^^^^^^^^^^^^^^^^
[INFO] [stdout] 
[INFO] [stdout] 
[INFO] [stdout] error[E0554]: `#![feature]` may not be used on the beta release channel
[INFO] [stdout]  --> /opt/rustwide/cargo-home/registry/src/github.com-1ecc6299db9ec823/x86_64-0.11.2/src/lib.rs:7:37
[INFO] [stdout]   |
[INFO] [stdout] 7 | #![cfg_attr(feature = "inline_asm", feature(llvm_asm))]
[INFO] [stdout]   |                                     ^^^^^^^^^^^^^^^^^
[INFO] [stdout] 
[INFO] [stdout] 
[INFO] [stdout] error[E0554]: `#![feature]` may not be used on the beta release channel
[INFO] [stdout]  --> /opt/rustwide/cargo-home/registry/src/github.com-1ecc6299db9ec823/x86_64-0.11.2/src/lib.rs:8:44
[INFO] [stdout]   |
[INFO] [stdout] 8 | #![cfg_attr(feature = "abi_x86_interrupt", feature(abi_x86_interrupt))]
[INFO] [stdout]   |                                            ^^^^^^^^^^^^^^^^^^^^^^^^^^
[INFO] [stdout] 
[INFO] [stdout] 
[INFO] [stdout] error: aborting due to 4 previous errors
[INFO] [stdout] 
[INFO] [stdout] 
[INFO] [stdout] For more information about this error, try `rustc --explain E0554`.
[INFO] [stdout] 
[INFO] [stderr] error: could not compile `x86_64`.
[INFO] [stderr] 
[INFO] [stderr] To learn more, run the command again with --verbose.
[INFO] running `Command { std: "docker" "inspect" "6d6e2b9f5931bd9d47a10742c8fbb2d970e66a7c4fe4bc6ee2d1b8c6e0f93760", kill_on_drop: false }`
[INFO] running `Command { std: "docker" "rm" "-f" "6d6e2b9f5931bd9d47a10742c8fbb2d970e66a7c4fe4bc6ee2d1b8c6e0f93760", kill_on_drop: false }`
[INFO] [stdout] 6d6e2b9f5931bd9d47a10742c8fbb2d970e66a7c4fe4bc6ee2d1b8c6e0f93760
